st common divisor of d and l?
6
Suppose -4*k - 107 = 3*x - 627, 0 = k + x - 129. What is the highest common factor of k and 19?
19
Let y(t) = t + 22. Let b be y(-6). What is the greatest common factor of b and 4?
4
Let g = 17 - 12. Suppose -4*p - 1 = s - 12, -g*p - 2 = -s. What is the highest common divisor of 14 and s?
7
Let y = -1 + 30. What is the highest common divisor of 261 and y?
29
Let a(f) be the second derivative of 61*f**3/6 - 7*f**2/2 - 5*f. Let o be a(2). Calculate the highest common factor of o and 23.
23
Suppose -96 = 6*g - 10*g. Calculate the greatest common factor of g and 36.
12
Let z be (-4)/18 - (-1182)/(-27). Let k be (1/2)/((-2)/z). Suppose -g = -2*g + k. Calculate the highest common factor of 77 and g.
11
Let c be 40 + (-2 - -8)/(27/9). What is the greatest common divisor of 98 and c?
14
Let z = -5 - -21. Suppose -3*h = 4*l - 20, -2*l + z = 4*h - h. Let u be (-38)/6*(-1 - l). What is the greatest common factor of u and 95?
19
Let x be (80/6)/(2/6). Let h be (-4)/(-12) - (-59)/3. Suppose -o = 3*o - h. Calculate the greatest common factor of o and x.
5
Suppose r - 5*w = 1, 5*r = 4*w + 23 + 24. Calculate the highest common factor of 11 and r.
11
Let o(g) = -g**3 + 11*g**2 + 11*g + 11. Let j be o(12). Let y = 2 + j. Calculate the greatest common factor of y and 4.
1
Suppose 0 = -g - 0*g - 4*d + 60, 300 = 5*g - 3*d. Let u = g + -37. Let i = u + -8. What is the greatest common factor of i and 165?
15
Let n = -100 + 107. What is the highest common divisor of n and 133?
7
Let t(m) = -4*m - 8. Let i be t(-6). Suppose -2*k - 6*h + 2*h = -80, 3*k - 4*h = 120. What is the highest common factor of i and k?
8
Suppose -5*s + 870 = u, 456 = 3*s - 2*u - 79. Calculate the highest common divisor of 35 and s.
35
Suppose 0 = 5*z + 4*i - i, 0 = -3*z + 3*i. Let g be z - (-39 - (2 - 1)). Suppose b + 4*b = g. What is the highest common divisor of b and 4?
4
Let q(f) = 9*f - 8. Let b be q(2). Calculate the highest common divisor of 110 and b.
10
Let g be (29/2)/(3/6). Calculate the highest common factor of 290 and g.
29
Let s be (160/(-16))/((3/(-10))/3). What is the highest common divisor of s and 20?
20
Let n be 4/6 + (-575)/(-69). Suppose -4*z = -0*z. Suppose z*r + 162 = 2*r. Calculate the highest common divisor of n and r.
9
Let x = 12 - -28. Suppose 4*n - x = -0*n. Let d be (0 + 1)*(-5 + n). Calculate the greatest common factor of d and 40.
5
Suppose -8*k + 16 + 24 = 0. What is the highest common divisor of 1 and k?
1
Let g be (0 - -1)/(1 - 0). Suppose -7*f + 12 = -f. Suppose -3*c - f*t + 6*t = -g, 5*c + 2*t - 45 = 0. Calculate the highest common divisor of c and 14.
7
Suppose 4*d - 226 = -5*b, 4*d - 17 = 2*b - 85. Let s be (-172)/(-6) - 10/15. What is the highest common factor of s and b?
14
Let u be (52/39)/((-4)/6). Let t be (-3)/(u*(-3)/(-72)). Calculate the greatest common divisor of 90 and t.
18
Suppose 3*u - 408 = -3*u. Let d = -18 + 35. Calculate the highest common divisor of d and u.
17
Let c be -2*12/8 - (-267 - 0). Calculate the highest common factor of c and 24.
24
Let d = 3 + -1. Suppose 0 = -s - s + d. Calculate the greatest common divisor of s and 7.
1
Suppose -y - 125 = -2*d, -d + 2*y + 13 = -57. Let x(z) = z**2 + 2*z. Let q be x(-6). Calculate the highest common divisor of q and d.
12
Let m be (-1)/((-3)/12) - -30. Suppose -n = n. Suppose n*c + 144 = 3*i + 3*c, -4*c = -3*i + 165. Calculate the highest common factor of m and i.
17
Let s be (-875)/(-28) - 3/(-4). Let o = 28 + -12. Calculate the highest common factor of s and o.
16
Suppose 2*q - 41 - 155 = 0. What is the highest common factor of 14 and q?
14
Suppose -20 = -4*i, -s - 3*s + 116 = 4*i. Calculate the greatest common divisor of s and 240.
24
Let d = -3 - -33. Let n = -21 + d. Suppose 3*y = -s - 0*y + 30, -4*s + 4*y + 200 = 0. Calculate the highest common divisor of s and n.
9
Suppose 0 = 2*b + 3*b + 20. Let m = 1 - b. Let k(y) = y**3 - 5*y**2 + y + 2. Let n be k(m). What is the greatest common factor of 35 and n?
7
Suppose -521 = -4*i + 931. Suppose 0 = u + 5*b - 28, -2*u - b = -u - 32. What is the highest common divisor of u and i?
33
Let y(i) = 5*i**2 - 9*i + 3. Let z be y(2). Calculate the highest common factor of 40 and z.
5
Suppose 13*u = 11*u. Let t be ((0 - u) + 1)*85. Calculate the greatest common divisor of t and 34.
17
Let d(c) = -c**3 + 6*c**2 + 2*c - 4. Let v be d(5). Suppose 4*z - v = 1. What is the greatest common divisor of 8 and z?
8
Suppose 2*j = 2 + 2. Let y be 9/(-12)*-2*j. Let t be y - 2*(-10)/4. What is the greatest common divisor of 24 and t?
8
Let k = 91 + -56. Let b(y) = y**3 - 14*y**2 + 2*y - 21. Let o be b(14). What is the greatest common divisor of k and o?
7
Let y = 1 + 129. Let r(k) = k**3 + 8*k**2 + 2*k - 9. Let t be r(-7). Calculate the highest common divisor of y and t.
26
Let w(o) be the third derivative of o**5/15 - o**4/12 + o**3/6 + 3*o**2. Let j be w(2). What is the greatest common divisor of 39 and j?
13
Let u(n) = -2*n**2 + 11*n - 15. Let i be u(7). Let m = 102 + i. What is the highest common divisor of 44 and m?
22
Suppose 12 = 13*u - 12*u. Suppose -l - 74 = -2*p, p - 3*l - 82 = -p. Suppose 0 = -5*g + p + 205. Calculate the highest common divisor of u and g.
12
Suppose 4*j + 15 = x, 0 = -2*x - 4*j + 1 - 7. Let s be 4/(-22) + (-1495)/(-55). What is the greatest common divisor of s and x?
3
Let y(m) = 34*m - 3. Let i be y(3). What is the highest common factor of 11 and i?
11
Suppose -3*v - 4*t + 259 = 23, 2*t - 160 = -2*v. What is the greatest common divisor of v and 21?
21
Let d be 4/5 + (-2)/(-10) + 0. What is the greatest common divisor of d and 11?
1
Let y be (-1 - -16)*(-10)/15. Let r be 108/14 + y/(-35). What is the highest common divisor of 20 and r?
4
Let d(v) = 7*v**2 - 2*v + 3. Suppose -4*n + 8 = -0*n. Let s be d(n). Let z be (0 + 1 + -2)*-3. What is the highest common factor of s and z?
3
Suppose 5*w = -10*t + 5*t + 140, -5*w = -4*t - 158. Suppose 0 = 6*o - 10*o - 44. Let q = o + 26. Calculate the highest common divisor of q and w.
15
Let x be 0/(-3 + 5 - 4). Let r = x - -7. Calculate the greatest common factor of 28 and r.
7
Suppose 219 = 5*p - 2*u, 4*p - u - 83 = 91. Let c = p + -29. Calculate the highest common factor of c and 42.
14
Suppose 5*n - 11 = 4*r - 6, -5*r = n - 30. Suppose -4*o + 37 + 55 = 3*x, r*o = 4*x + 84. What is the greatest common factor of o and 10?
10
Let q = 320 + -224. Let o = 8 + -14. Let f(s) = s**3 + 7*s**2 + 5*s + 6. Let w be f(o). What is the greatest common factor of q and w?
12
Let m(c) = -4 - c**2 + 3*c**2 + 0*c - 7*c - c**2. Let r be m(7). Let g be 1526/18 - r/18. What is the highest common divisor of 17 and g?
17
Suppose -m + 15 = 4*m + 4*p, -15 = -5*m + 4*p. Let i(h) = 2*h**3 - h**2 + 5*h - 1. Let c be i(2). Calculate the greatest common divisor of m and c.
3
Let c(k) = -2*k**2 - 12*k + 4. Let q be c(-6). Suppose -x + 36 = 2*j + 3*j, -180 = -5*x + 2*j. What is the greatest common divisor of q and x?
4
Let v = -4 - -11. Suppose 0*g + v = -3*y - 4*g, -3*y - g + 5 = 0. Suppose -y*u + 6 = -0*u. What is the greatest common factor of 16 and u?
2
Suppose 4*f = -4*a - 236, -4*a - 4*f + 295 = -9*a. Let r = a - -91. Calculate the greatest common divisor of r and 8.
8
Suppose v = -2, 0*u - 3*v = u - 10. Let g = u + -4. Calculate the greatest common factor of 18 and g.
6
Suppose -13 + 5 = 4*f. Let c be f/((-4 - -4) + -1). Calculate the highest common divisor of c and 18.
2
Suppose -42*c + 63 = -35*c. Let k(r) = 25*r**2 - r + 1. Let b be k(2). What is the greatest common factor of b and c?
9
Let s(p) = 3*p + 26. Let i be s(-7). What is the highest common divisor of 20 and i?
5
Let b(t) = 5*t**3 + t. Let q be b(2). Calculate the greatest common divisor of 6 and q.
6
Let y = -46 + 91. Suppose 4*l = -3*s + 42, 5*s + 2*l - 39 = y. What is the greatest common factor of 54 and s?
18
Let a(h) = 16*h**3 - 2*h**2 - h - 1. Let y be a(2). Suppose m - 10 - 3 = 0. Calculate the greatest common divisor of y and m.
13
Suppose 5*k - 24 = 1. Suppose -4*i + 0*y + 174 = -3*y, -k*y - 136 = -3*i. Suppose -j - 2*j + i = 0. Calculate the highest common factor of 35 and j.
7
Let x(y) = y**2 + 2*y - 2. Let o be x(-7). Let n be 1090/55 + 6/o. What is the greatest common divisor of 100 and n?
20
Suppose -230 = -3*x -